{"id":657,"date":"2025-08-23T23:06:31","date_gmt":"2025-08-23T23:06:31","guid":{"rendered":"https:\/\/nsimshop.pl\/?post_type=product&#038;p=657"},"modified":"2026-03-12T13:34:01","modified_gmt":"2026-03-12T13:34:01","slug":"hamulec-reczny-hydrolapa-na-czujniku-halla-mocowanie-do-riga","status":"publish","type":"product","link":"https:\/\/nsimshop.pl\/index.php\/produkt\/hamulec-reczny-hydrolapa-na-czujniku-halla-mocowanie-do-riga\/","title":{"rendered":"Hamulec r\u0119czny Hydro\u0142apa na czujniku Halla (mocowanie do riga)"},"content":{"rendered":"<h5>Hamulec r\u0119czny do symulatora z mocowaniem do riga \u2013 stworzony do driftu i rajd\u00f3w<\/h5>\n<p>Analogowy hamulec r\u0119czny zaprojektowany z my\u015bl\u0105 o fanach motorsportu w wirtualnym wydaniu. Doskonale sprawdzi si\u0119 zar\u00f3wno podczas driftu, jak i jazdy rajdowej, pozwalaj\u0105c precyzyjnie wej\u015b\u0107 w zakr\u0119t lub skorygowa\u0107 k\u0105t auta w trakcie po\u015blizgu.<\/p>\n<p><b>Realistyczne odczucia<\/b><\/p>\n<p>D\u017awignia stawia wyczuwalny op\u00f3r o warto\u015bci\u00a0<b>3.7 kg<\/b>, co daje pe\u0142n\u0105 kontrol\u0119 nad si\u0142\u0105 hamowania. Mechanizm wykorzystuje solidn\u0105 spr\u0119\u017cyn\u0119 z drutu o grubo\u015bci\u00a0<b>2 mm<\/b>, dzi\u0119ki czemu konstrukcja jest trwa\u0142a i zapewnia satysfakcj\u0119 z u\u017cytkowania.<\/p>\n<p><img loading=\"lazy\" decoding=\"async\" class=\"alignnone  wp-image-932\" style=\"font-weight: inherit;\" src=\"http:\/\/nsimshop.pl\/wp-content\/uploads\/2025\/08\/Back-top-view-rig-hb-300x300.png\" alt=\"\" width=\"594\" height=\"594\" srcset=\"https:\/\/nsimshop.pl\/wp-content\/uploads\/2025\/08\/Back-top-view-rig-hb-300x300.png 300w, https:\/\/nsimshop.pl\/wp-content\/uploads\/2025\/08\/Back-top-view-rig-hb-1024x1024.png 1024w, https:\/\/nsimshop.pl\/wp-content\/uploads\/2025\/08\/Back-top-view-rig-hb-150x150.png 150w, https:\/\/nsimshop.pl\/wp-content\/uploads\/2025\/08\/Back-top-view-rig-hb-768x768.png 768w, https:\/\/nsimshop.pl\/wp-content\/uploads\/2025\/08\/Back-top-view-rig-hb-1536x1536.png 1536w, https:\/\/nsimshop.pl\/wp-content\/uploads\/2025\/08\/Back-top-view-rig-hb-400x400.png 400w, https:\/\/nsimshop.pl\/wp-content\/uploads\/2025\/08\/Back-top-view-rig-hb-600x600.png 600w, https:\/\/nsimshop.pl\/wp-content\/uploads\/2025\/08\/Back-top-view-rig-hb-100x100.png 100w, https:\/\/nsimshop.pl\/wp-content\/uploads\/2025\/08\/Back-top-view-rig-hb.png 2000w\" sizes=\"auto, (max-width: 594px) 100vw, 594px\" \/><\/p>\n<p><b>Solidna konstrukcja, przystosowana do riga<\/b><\/p>\n<p>Hamulec zosta\u0142 zaprojektowany z my\u015bl\u0105 o intensywnym u\u017cytkowaniu. Stabilna, sztywna budowa dobrze znosi mocne szarpni\u0119cia i d\u0142ugie sesje gry. Dzi\u0119ki przygotowanemu systemowi mocowania bez problemu zamontujesz go na swoim rigu \u2013 rozstaw otwor\u00f3w monta\u017cowych to\u00a0<b>60 mm (\u015bruby M5)<\/b>. W zestawie znajduj\u0105 si\u0119 4 \u015bruby z nakr\u0119tkami\u00a0<b>M5x30<\/b>, co pozwala na szybki i pewny monta\u017c.<\/p>\n<p><img loading=\"lazy\" decoding=\"async\" class=\"alignnone  wp-image-933\" style=\"font-weight: inherit;\" src=\"http:\/\/nsimshop.pl\/wp-content\/uploads\/2025\/08\/Front-plate-mount-rig-hb-300x300.png\" alt=\"\" width=\"595\" height=\"595\" srcset=\"https:\/\/nsimshop.pl\/wp-content\/uploads\/2025\/08\/Front-plate-mount-rig-hb-300x300.png 300w, https:\/\/nsimshop.pl\/wp-content\/uploads\/2025\/08\/Front-plate-mount-rig-hb-1024x1024.png 1024w, https:\/\/nsimshop.pl\/wp-content\/uploads\/2025\/08\/Front-plate-mount-rig-hb-150x150.png 150w, https:\/\/nsimshop.pl\/wp-content\/uploads\/2025\/08\/Front-plate-mount-rig-hb-768x768.png 768w, https:\/\/nsimshop.pl\/wp-content\/uploads\/2025\/08\/Front-plate-mount-rig-hb-1536x1536.png 1536w, https:\/\/nsimshop.pl\/wp-content\/uploads\/2025\/08\/Front-plate-mount-rig-hb-400x400.png 400w, https:\/\/nsimshop.pl\/wp-content\/uploads\/2025\/08\/Front-plate-mount-rig-hb-600x600.png 600w, https:\/\/nsimshop.pl\/wp-content\/uploads\/2025\/08\/Front-plate-mount-rig-hb-100x100.png 100w, https:\/\/nsimshop.pl\/wp-content\/uploads\/2025\/08\/Front-plate-mount-rig-hb.png 2000w\" sizes=\"auto, (max-width: 595px) 100vw, 595px\" \/><\/p>\n<p><b>Precyzyjny czujnik Halla \u2013 bezkontaktowe dzia\u0142anie<\/b><\/p>\n<p>Urz\u0105dzenie oparte jest na\u00a0<b>czujniku Halla<\/b>, co gwarantuje niezawodno\u015b\u0107, p\u0142ynn\u0105 prac\u0119 i d\u0142ugowieczno\u015b\u0107 bez mechanicznego zu\u017cycia.<\/p>\n<p><img loading=\"lazy\" decoding=\"async\" class=\"alignnone wp-image-658\" src=\"http:\/\/nsimshop.pl\/wp-content\/uploads\/2025\/08\/Hall-Sensor-300x252.webp\" alt=\"\" width=\"600\" height=\"504\" srcset=\"https:\/\/nsimshop.pl\/wp-content\/uploads\/2025\/08\/Hall-Sensor-300x252.webp 300w, https:\/\/nsimshop.pl\/wp-content\/uploads\/2025\/08\/Hall-Sensor-1024x860.webp 1024w, https:\/\/nsimshop.pl\/wp-content\/uploads\/2025\/08\/Hall-Sensor-768x645.webp 768w, https:\/\/nsimshop.pl\/wp-content\/uploads\/2025\/08\/Hall-Sensor-400x336.webp 400w, https:\/\/nsimshop.pl\/wp-content\/uploads\/2025\/08\/Hall-Sensor-600x504.webp 600w, https:\/\/nsimshop.pl\/wp-content\/uploads\/2025\/08\/Hall-Sensor.webp 1278w\" sizes=\"auto, (max-width: 600px) 100vw, 600px\" \/><\/p>\n<p><b>Analogowy odczyt \u2013 pe\u0142na kontrola<\/b><\/p>\n<p>Hamulec dzia\u0142a w pe\u0142ni analogowo \u2013 stopie\u0144 zaci\u0105gni\u0119cia d\u017awigni przek\u0142ada si\u0119 na si\u0142\u0119 dzia\u0142ania w grze. To zapewnia maksymaln\u0105 immersj\u0119 i precyzyjne dopasowanie reakcji pojazdu. W przypadku tytu\u0142\u00f3w nieobs\u0142uguj\u0105cych wej\u015b\u0107 analogowych mo\u017cna ustawi\u0107 go r\u00f3wnie\u017c jako zwyk\u0142y przycisk.<\/p>\n<p><img loading=\"lazy\" decoding=\"async\" class=\"alignnone  wp-image-931\" src=\"http:\/\/nsimshop.pl\/wp-content\/uploads\/2025\/08\/back-plate-mount-rig-hb-300x300.png\" alt=\"\" width=\"592\" height=\"592\" srcset=\"https:\/\/nsimshop.pl\/wp-content\/uploads\/2025\/08\/back-plate-mount-rig-hb-300x300.png 300w, https:\/\/nsimshop.pl\/wp-content\/uploads\/2025\/08\/back-plate-mount-rig-hb-1024x1024.png 1024w, https:\/\/nsimshop.pl\/wp-content\/uploads\/2025\/08\/back-plate-mount-rig-hb-150x150.png 150w, https:\/\/nsimshop.pl\/wp-content\/uploads\/2025\/08\/back-plate-mount-rig-hb-768x768.png 768w, https:\/\/nsimshop.pl\/wp-content\/uploads\/2025\/08\/back-plate-mount-rig-hb-1536x1536.png 1536w, https:\/\/nsimshop.pl\/wp-content\/uploads\/2025\/08\/back-plate-mount-rig-hb-400x400.png 400w, https:\/\/nsimshop.pl\/wp-content\/uploads\/2025\/08\/back-plate-mount-rig-hb-600x600.png 600w, https:\/\/nsimshop.pl\/wp-content\/uploads\/2025\/08\/back-plate-mount-rig-hb-100x100.png 100w, https:\/\/nsimshop.pl\/wp-content\/uploads\/2025\/08\/back-plate-mount-rig-hb.png 2000w\" sizes=\"auto, (max-width: 592px) 100vw, 592px\" \/><\/p>\n<p><b>Wymienna ga\u0142ka \u2013 personalizacja pod Twoje potrzeby<\/b><\/p>\n<p>Standardowa ga\u0142ka nie pasuje do Twojego stylu? Dzi\u0119ki gwintowi\u00a0<b>M8<\/b>\u00a0w kilka sekund wymienisz j\u0105 na dowoln\u0105 inn\u0105 \u2013 dok\u0142adnie tak\u0105, jaka najbardziej Ci odpowiada.<\/p>\n<p><img loading=\"lazy\" decoding=\"async\" class=\"alignnone wp-image-934\" src=\"http:\/\/nsimshop.pl\/wp-content\/uploads\/2025\/08\/Hb-rig-parts--300x300.png\" alt=\"\" width=\"600\" height=\"600\" srcset=\"https:\/\/nsimshop.pl\/wp-content\/uploads\/2025\/08\/Hb-rig-parts--300x300.png 300w, https:\/\/nsimshop.pl\/wp-content\/uploads\/2025\/08\/Hb-rig-parts--1024x1024.png 1024w, https:\/\/nsimshop.pl\/wp-content\/uploads\/2025\/08\/Hb-rig-parts--150x150.png 150w, https:\/\/nsimshop.pl\/wp-content\/uploads\/2025\/08\/Hb-rig-parts--768x768.png 768w, https:\/\/nsimshop.pl\/wp-content\/uploads\/2025\/08\/Hb-rig-parts--1536x1536.png 1536w, https:\/\/nsimshop.pl\/wp-content\/uploads\/2025\/08\/Hb-rig-parts--400x400.png 400w, https:\/\/nsimshop.pl\/wp-content\/uploads\/2025\/08\/Hb-rig-parts--600x600.png 600w, https:\/\/nsimshop.pl\/wp-content\/uploads\/2025\/08\/Hb-rig-parts--100x100.png 100w, https:\/\/nsimshop.pl\/wp-content\/uploads\/2025\/08\/Hb-rig-parts-.png 2000w\" sizes=\"auto, (max-width: 600px) 100vw, 600px\" \/><\/p>\n<p><b>Kompatybilno\u015b\u0107 i \u0142atwo\u015b\u0107 u\u017cytkowania<\/b><\/p>\n<p>Hamulec wsp\u00f3\u0142pracuje wy\u0142\u0105cznie z komputerem\u00a0<b>PC<\/b>. Pod\u0142\u0105czany przez port USB (d\u0142ugo\u015b\u0107 kabla\u00a0<b>1.8 m<\/b>) automatycznie rozpoznawany jest jako urz\u0105dzenie\u00a0<b>\u201eHandbrake\u201d<\/b>\u00a0\u2013 bez konieczno\u015bci instalowania dodatkowych sterownik\u00f3w.<\/p>\n<p><img loading=\"lazy\" decoding=\"async\" class=\"alignnone wp-image-935\" src=\"http:\/\/nsimshop.pl\/wp-content\/uploads\/2025\/08\/Zrzut-ekranu-2026-03-11-181250-300x240.png\" alt=\"\" width=\"600\" height=\"479\" srcset=\"https:\/\/nsimshop.pl\/wp-content\/uploads\/2025\/08\/Zrzut-ekranu-2026-03-11-181250-300x240.png 300w, https:\/\/nsimshop.pl\/wp-content\/uploads\/2025\/08\/Zrzut-ekranu-2026-03-11-181250-1024x818.png 1024w, https:\/\/nsimshop.pl\/wp-content\/uploads\/2025\/08\/Zrzut-ekranu-2026-03-11-181250-768x614.png 768w, https:\/\/nsimshop.pl\/wp-content\/uploads\/2025\/08\/Zrzut-ekranu-2026-03-11-181250-400x320.png 400w, https:\/\/nsimshop.pl\/wp-content\/uploads\/2025\/08\/Zrzut-ekranu-2026-03-11-181250-600x479.png 600w, https:\/\/nsimshop.pl\/wp-content\/uploads\/2025\/08\/Zrzut-ekranu-2026-03-11-181250.png 1054w\" sizes=\"auto, (max-width: 600px) 100vw, 600px\" \/><\/p>\n","protected":false},"excerpt":{"rendered":"<p>Hamulec r\u0119czny z mocowaniem do riga<\/p>\n","protected":false},"featured_media":929,"comment_status":"open","ping_status":"closed","template":"","meta":{"site-sidebar-layout":"default","site-content-layout":"","ast-site-content-layout":"default","site-content-style":"default","site-sidebar-style":"default","ast-global-header-display":"","ast-banner-title-visibility":"","ast-main-header-display":"","ast-hfb-above-header-display":"","ast-hfb-below-header-display":"","ast-hfb-mobile-header-display":"","site-post-title":"","ast-breadcrumbs-content":"","ast-featured-img":"","footer-sml-layout":"","ast-disable-related-posts":"","theme-transparent-header-meta":"default","adv-header-id-meta":"","stick-header-meta":"","header-above-stick-meta":"","header-main-stick-meta":"","header-below-stick-meta":"","astra-migrate-meta-layouts":"set","ast-page-background-enabled":"default","ast-page-background-meta":{"desktop":{"background-color":"var(--ast-global-color-5)","background-image":"","background-repeat":"repeat","background-position":"center center","background-size":"auto","background-attachment":"scroll","background-type":"","background-media":"","overlay-type":"","overlay-color":"","overlay-opacity":"","overlay-gradient":""},"tablet":{"background-color":"","background-image":"","background-repeat":"repeat","background-position":"center center","background-size":"auto","background-attachment":"scroll","background-type":"","background-media":"","overlay-type":"","overlay-color":"","overlay-opacity":"","overlay-gradient":""},"mobile":{"background-color":"","background-image":"","background-repeat":"repeat","background-position":"center center","background-size":"auto","background-attachment":"scroll","background-type":"","background-media":"","overlay-type":"","overlay-color":"","overlay-opacity":"","overlay-gradient":""}},"ast-content-background-meta":{"desktop":{"background-color":"var(--ast-global-color-4)","background-image":"","background-repeat":"repeat","background-position":"center center","background-size":"auto","background-attachment":"scroll","background-type":"","background-media":"","overlay-type":"","overlay-color":"","overlay-opacity":"","overlay-gradient":""},"tablet":{"background-color":"var(--ast-global-color-4)","background-image":"","background-repeat":"repeat","background-position":"center center","background-size":"auto","background-attachment":"scroll","background-type":"","background-media":"","overlay-type":"","overlay-color":"","overlay-opacity":"","overlay-gradient":""},"mobile":{"background-color":"var(--ast-global-color-4)","background-image":"","background-repeat":"repeat","background-position":"center center","background-size":"auto","background-attachment":"scroll","background-type":"","background-media":"","overlay-type":"","overlay-color":"","overlay-opacity":"","overlay-gradient":""}}},"product_brand":[22],"product_cat":[21],"product_tag":[],"class_list":{"0":"post-657","1":"product","2":"type-product","3":"status-publish","4":"has-post-thumbnail","6":"product_brand-nsim","7":"product_cat-sim-racing","8":"desktop-align-center","9":"tablet-align-center","10":"mobile-align-center","12":"first","13":"instock","14":"shipping-taxable","15":"purchasable","16":"product-type-simple"},"jetpack_sharing_enabled":true,"_links":{"self":[{"href":"https:\/\/nsimshop.pl\/index.php\/wp-json\/wp\/v2\/product\/657","targetHints":{"allow":["GET"]}}],"collection":[{"href":"https:\/\/nsimshop.pl\/index.php\/wp-json\/wp\/v2\/product"}],"about":[{"href":"https:\/\/nsimshop.pl\/index.php\/wp-json\/wp\/v2\/types\/product"}],"replies":[{"embeddable":true,"href":"https:\/\/nsimshop.pl\/index.php\/wp-json\/wp\/v2\/comments?post=657"}],"wp:featuredmedia":[{"embeddable":true,"href":"https:\/\/nsimshop.pl\/index.php\/wp-json\/wp\/v2\/media\/929"}],"wp:attachment":[{"href":"https:\/\/nsimshop.pl\/index.php\/wp-json\/wp\/v2\/media?parent=657"}],"wp:term":[{"taxonomy":"product_brand","embeddable":true,"href":"https:\/\/nsimshop.pl\/index.php\/wp-json\/wp\/v2\/product_brand?post=657"},{"taxonomy":"product_cat","embeddable":true,"href":"https:\/\/nsimshop.pl\/index.php\/wp-json\/wp\/v2\/product_cat?post=657"},{"taxonomy":"product_tag","embeddable":true,"href":"https:\/\/nsimshop.pl\/index.php\/wp-json\/wp\/v2\/product_tag?post=657"}],"curies":[{"name":"wp","href":"https:\/\/api.w.org\/{rel}","templated":true}]}}