{"id":206,"date":"2025-02-10T12:41:57","date_gmt":"2025-02-10T12:41:57","guid":{"rendered":"https:\/\/nsimshop.pl\/?post_type=product&#038;p=206"},"modified":"2025-08-21T22:07:38","modified_gmt":"2025-08-21T22:07:38","slug":"buttonbox-ze-stacyjka-nsim","status":"publish","type":"product","link":"https:\/\/nsimshop.pl\/index.php\/produkt\/buttonbox-ze-stacyjka-nsim\/","title":{"rendered":"ButtonBox ze stacyjk\u0105 NSIM"},"content":{"rendered":"<div class=\"mp4t_16_s mryx_16_s mr3m_1 mli2_1 mh85_56 mh85_0_l\">\n<div class=\"mgn2_16 _0d3bd_am0a-\">\n<p><b>Buttonbox<\/b>\u00a0do sim racingu z\u00a0<b>wieloma mo\u017cliwo\u015bciami monta\u017cu<\/b>. Urz\u0105dzenie posiada w sumie\u00a0<b>18 przycisk\u00f3w<\/b>\u00a0funkcyjnych w kt\u00f3rych sk\u0142ad wchodzi stacyjka z kluczykami jak r\u00f3wnie\u017c 3\u00a0<b>enkodery<\/b>, kt\u00f3re idealnie sprawdzaj\u0105 si\u0119 przy regulacji kontroli trakcji, hamulc\u00f3w czy turbo. Urz\u0105dzenie mo\u017cna w dw\u00f3ch orientacjach zamontowa\u0107 do\u00a0<b>biurka<\/b>, jak r\u00f3wnie\u017c przykr\u0119ci\u0107 do\u00a0<b>rig&#8217;a<\/b>\u00a0na dwie \u015bruby M5 (r\u00f3wnie\u017c na dwa sposoby).<\/p>\n<p><b>Stacyjka<\/b><\/p>\n<p><b>Urz\u0105dzenie zosta\u0142o specjalnie zaprogramowane, aby dzia\u0142a\u0107 jak w prawdziwym samochodzie, po przekr\u0119ceniu kluczyka raz, uruchamiamy elektronik\u0119, po przekr\u0119ceniu na drug\u0105 pozycj\u0119, kt\u00f3ra jest chwilowa, odpalamy silnik. Powr\u00f3t do pozycji zero wy\u0142\u0105cza silnik oraz elektronik\u0119. Sama stacyjka zosta\u0142a przetestowana w Euro Truck Simulator 2 oraz American Truck Simulator.<\/b><\/p>\n<p><img loading=\"lazy\" decoding=\"async\" class=\"wp-image-577 alignleft\" src=\"http:\/\/nsimshop.pl\/wp-content\/uploads\/2025\/02\/Buttonbox-ignition-2sides-225x300.webp\" alt=\"\" width=\"375\" height=\"500\" srcset=\"https:\/\/nsimshop.pl\/wp-content\/uploads\/2025\/02\/Buttonbox-ignition-2sides-225x300.webp 225w, https:\/\/nsimshop.pl\/wp-content\/uploads\/2025\/02\/Buttonbox-ignition-2sides-400x533.webp 400w, https:\/\/nsimshop.pl\/wp-content\/uploads\/2025\/02\/Buttonbox-ignition-2sides.webp 540w\" sizes=\"auto, (max-width: 375px) 100vw, 375px\" \/><\/p>\n<p><b>Buttonbox\u00a0<\/b>dzia\u0142a tylko z komputerem, posiada kabel o d\u0142ugo\u015bci 1.8m, dzia\u0142a od razu po pod\u0142\u0105czeniu do komputera i jest wspierany przez wi\u0119kszo\u015b\u0107 gier jak np. Assetto Corsa, Euro Truck Simulator 2, Dirt Rally.<\/p>\n<\/div>\n<p>Wymiary:\u00a08x13x17cm<\/p>\n<p>&nbsp;<\/p>\n<div class=\"mgn2_16 _0d3bd_am0a-\">\n<p>&nbsp;<\/p>\n<p>&nbsp;<\/p>\n<p>&nbsp;<\/p>\n<p>&nbsp;<\/p>\n<p>&nbsp;<\/p>\n<p>&nbsp;<\/p>\n<p>&nbsp;<\/p>\n<p>&nbsp;<\/p>\n<p>&nbsp;<\/p>\n<p>Film z prezentacji sprz\u0119tu:<\/p>\n<div class=\"ast-oembed-container \" style=\"height: 100%;\"><iframe loading=\"lazy\" title=\"Buttonbox with ignition\/ze stacyjk\u0105\" width=\"500\" height=\"281\" src=\"https:\/\/www.youtube.com\/embed\/fchFdYr4qC0?feature=oembed\" frameborder=\"0\" allow=\"accelerometer; autoplay; clipboard-write; encrypted-media; gyroscope; picture-in-picture; web-share\" referrerpolicy=\"strict-origin-when-cross-origin\" allowfullscreen><\/iframe><\/div>\n<\/div>\n<\/div>\n","protected":false},"excerpt":{"rendered":"<p class=\"mp4t_0 mryx_0 mj7a_4 mvrt_8 mp0t_ji m9qz_yo munh_0 mqu1_1j mgmw_wo mgn2_21 mgn2_25_s\">ButtonBox ze stacyjk\u0105 PC USB NSIM<\/p>\n","protected":false},"featured_media":580,"comment_status":"open","ping_status":"closed","template":"","meta":{"site-sidebar-layout":"default","site-content-layout":"","ast-site-content-layout":"default","site-content-style":"default","site-sidebar-style":"default","ast-global-header-display":"","ast-banner-title-visibility":"","ast-main-header-display":"","ast-hfb-above-header-display":"","ast-hfb-below-header-display":"","ast-hfb-mobile-header-display":"","site-post-title":"","ast-breadcrumbs-content":"","ast-featured-img":"","footer-sml-layout":"","ast-disable-related-posts":"","theme-transparent-header-meta":"default","adv-header-id-meta":"","stick-header-meta":"","header-above-stick-meta":"","header-main-stick-meta":"","header-below-stick-meta":"","astra-migrate-meta-layouts":"set","ast-page-background-enabled":"default","ast-page-background-meta":{"desktop":{"background-color":"var(--ast-global-color-5)","background-image":"","background-repeat":"repeat","background-position":"center center","background-size":"auto","background-attachment":"scroll","background-type":"","background-media":"","overlay-type":"","overlay-color":"","overlay-opacity":"","overlay-gradient":""},"tablet":{"background-color":"","background-image":"","background-repeat":"repeat","background-position":"center center","background-size":"auto","background-attachment":"scroll","background-type":"","background-media":"","overlay-type":"","overlay-color":"","overlay-opacity":"","overlay-gradient":""},"mobile":{"background-color":"","background-image":"","background-repeat":"repeat","background-position":"center center","background-size":"auto","background-attachment":"scroll","background-type":"","background-media":"","overlay-type":"","overlay-color":"","overlay-opacity":"","overlay-gradient":""}},"ast-content-background-meta":{"desktop":{"background-color":"var(--ast-global-color-4)","background-image":"","background-repeat":"repeat","background-position":"center center","background-size":"auto","background-attachment":"scroll","background-type":"","background-media":"","overlay-type":"","overlay-color":"","overlay-opacity":"","overlay-gradient":""},"tablet":{"background-color":"var(--ast-global-color-4)","background-image":"","background-repeat":"repeat","background-position":"center center","background-size":"auto","background-attachment":"scroll","background-type":"","background-media":"","overlay-type":"","overlay-color":"","overlay-opacity":"","overlay-gradient":""},"mobile":{"background-color":"var(--ast-global-color-4)","background-image":"","background-repeat":"repeat","background-position":"center center","background-size":"auto","background-attachment":"scroll","background-type":"","background-media":"","overlay-type":"","overlay-color":"","overlay-opacity":"","overlay-gradient":""}}},"product_brand":[22],"product_cat":[21],"product_tag":[],"class_list":{"0":"post-206","1":"product","2":"type-product","3":"status-publish","4":"has-post-thumbnail","6":"product_brand-nsim","7":"product_cat-sim-racing","8":"desktop-align-center","9":"tablet-align-center","10":"mobile-align-center","12":"first","13":"instock","14":"shipping-taxable","15":"purchasable","16":"product-type-simple"},"jetpack_sharing_enabled":true,"_links":{"self":[{"href":"https:\/\/nsimshop.pl\/index.php\/wp-json\/wp\/v2\/product\/206","targetHints":{"allow":["GET"]}}],"collection":[{"href":"https:\/\/nsimshop.pl\/index.php\/wp-json\/wp\/v2\/product"}],"about":[{"href":"https:\/\/nsimshop.pl\/index.php\/wp-json\/wp\/v2\/types\/product"}],"replies":[{"embeddable":true,"href":"https:\/\/nsimshop.pl\/index.php\/wp-json\/wp\/v2\/comments?post=206"}],"wp:featuredmedia":[{"embeddable":true,"href":"https:\/\/nsimshop.pl\/index.php\/wp-json\/wp\/v2\/media\/580"}],"wp:attachment":[{"href":"https:\/\/nsimshop.pl\/index.php\/wp-json\/wp\/v2\/media?parent=206"}],"wp:term":[{"taxonomy":"product_brand","embeddable":true,"href":"https:\/\/nsimshop.pl\/index.php\/wp-json\/wp\/v2\/product_brand?post=206"},{"taxonomy":"product_cat","embeddable":true,"href":"https:\/\/nsimshop.pl\/index.php\/wp-json\/wp\/v2\/product_cat?post=206"},{"taxonomy":"product_tag","embeddable":true,"href":"https:\/\/nsimshop.pl\/index.php\/wp-json\/wp\/v2\/product_tag?post=206"}],"curies":[{"name":"wp","href":"https:\/\/api.w.org\/{rel}","templated":true}]}}